{"id":841,"date":"2012-01-13T21:01:01","date_gmt":"2012-01-13T20:01:01","guid":{"rendered":"http:\/\/drupal.minosegihaz.hu\/?page_id=841"},"modified":"2020-05-16T16:00:44","modified_gmt":"2020-05-16T14:00:44","slug":"kivitelezesi-latvanytervek","status":"publish","type":"page","link":"https:\/\/minosegihaz.hu\/?page_id=841","title":{"rendered":"Kivitelez\u00e9si l\u00e1tv\u00e1nytervek"},"content":{"rendered":"<hr \/>\n<h3 style=\"text-align: center;\">Veresegyh\u00e1z Ligetek Mediterr\u00e1n<\/h3>\n<p><img loading=\"lazy\" class=\"aligncenter\" src=\"latvanyterv\/vlmediterran\/01.jpg\" alt=\"\" width=\"512\" height=\"274\" \/><\/p>\n<p style=\"text-align: justify;\">Veresegyh\u00e1z \u00fajonnan fejl\u0151d\u0151 r\u00e9szeire lett meg\u00e1lmodva ez a mediterr\u00e1n hangulatot id\u00e9z\u0151 k\u00e9tszintes csal\u00e1di h\u00e1z. Azoknak aj\u00e1nljuk ezt a h\u00e1zat, akik kedvelik a mediterr\u00e1n jelleget, a gy\u00f6ny\u00f6r\u0171 t\u00e9rk\u00f6vez\u00e9seket, a hatalmas \u00fcvegfel\u00fcleteket. A szem\u00e9lyes z\u00f3na emeleten t\u00f6rt\u00e9n\u0151 kialak\u00edt\u00e1s\u00e1val el\u00e9rt\u00fck, hogy teljesen elk\u00fcl\u00f6n\u00fclj\u00f6n a ny\u00edlt z\u00f3n\u00e1kt\u00f3l, \u00edgy megtartva intimit\u00e1s\u00e1t. A h\u00e1zban tal\u00e1lhat\u00f3 tov\u00e1bb\u00e1 egy be\u00e9p\u00edtett gar\u00e1zs, az emeletet pedig k\u00e9t fedett terasz teszi m\u00e9g var\u00e1zslatosabb\u00e1. A h\u00e1z f\u00f6ldszintj\u00e9nek alapter\u00fclete 120m\u00b2, brutt\u00f3 alapter\u00fclete 148m\u00b2. A h\u00e1z emeleti r\u00e9sz\u00e9nek hasznos alapter\u00fclete 68m\u00b2, brutt\u00f3 alapter\u00fclete 90m\u00b2.<\/p>\n<p>Kivitelez\u00e9si ir\u00e1ny\u00e1r kateg\u00f3ri\u00e1kt\u00f3l f\u00fcgg\u0151en: 88m Ft.-t\u00f3l + telek.<\/p>\n<hr \/>\n<h3 style=\"text-align: center;\">Veresegyh\u00e1z Ligetek Special<\/h3>\n<p><img loading=\"lazy\" class=\"aligncenter\" src=\"latvanyterv\/vlspecial\/01.jpg\" alt=\"\" width=\"512\" height=\"340\" \/><\/p>\n<p style=\"text-align: justify;\">Veresegyh\u00e1z \u00fajonnan fejl\u0151d\u0151 r\u00e9szeire k\u00e9pzelt\u00fck el ezt a t\u00f6bb st\u00edlus kevered\u00e9s\u00e9nek t\u00f6k\u00e9letes elegy\u00e9t, ami nem is klasszikus nem is hagyom\u00e1ny\u0151rz\u0151, hanem ink\u00e1bb speci\u00e1lis hangulatot \u00e1raszt\u00f3 egyszintes csal\u00e1di h\u00e1z. K\u00fcl\u00f6nleges tov\u00e1bb\u00e1 a szemet gy\u00f6ny\u00f6rk\u00f6dtet\u0151 t\u00e9rburkol\u00e1st\u00f3l, a megfelel\u0151en haszn\u00e1lt pasztellsz\u00ednekt\u0151l, a kellemes teraszt\u00f3l \u00e9s nem utols\u00f3 sorban a nagy fel\u00fcleten elhelyezked\u0151 \u00fcveg ny\u00edl\u00e1sz\u00e1r\u00f3kt\u00f3l. A h\u00e1z hasznos alapter\u00fclete 103m\u00b2, brutt\u00f3 alapter\u00fclete 128m\u00b2 + terasz.<\/p>\n<p>Kivitelez\u00e9si ir\u00e1ny\u00e1r kateg\u00f3ri\u00e1t\u00f3l f\u00fcgg\u0151en: 53m Ft.-t\u00f3l + telek.<\/p>\n<hr \/>\n<h3 style=\"text-align: center;\">Veresegyh\u00e1z Ligetek Family<\/h3>\n<p><img loading=\"lazy\" class=\"aligncenter\" src=\"latvanyterv\/vlfamily\/01.jpg\" alt=\"\" width=\"512\" height=\"340\" \/><\/p>\n<p style=\"text-align: justify;\">Veresegyh\u00e1z nagy \u00fctemben fejl\u0151d\u0151 r\u00e9szeire \u00e1lmodtuk meg ezt a gy\u00f6ny\u00f6r\u0171 k\u00e9temeletes csal\u00e1di h\u00e1zat. A h\u00e1z adotts\u00e1gai biztos\u00edtj\u00e1k egy nagyobb csal\u00e1d k\u00e9nyelmes egy\u00fctt\u00e9l\u00e9s\u00e9t is. A terek t\u00e1gasak, a f\u00f6ldszinten helyezkednek el a ny\u00edlt z\u00f3n\u00e1k, ahol a hatalmas nappali a domin\u00e1ns az amerikai konyh\u00e1val. A h\u00e1zban tal\u00e1lhat\u00f3 tov\u00e1bb\u00e1 egy kerti helyis\u00e9g, ami a kert szerelmeseinek ny\u00fajt osztatlan \u00f6r\u00f6m\u00f6ket, hiszen a kerti dolgok t\u00e1rol\u00e1sa \u00edgy megold\u00f3dott. A emeleti szinten tal\u00e1lhat\u00f3 a szem\u00e9lyes z\u00f3na, ahol 4 h\u00e1l\u00f3szoba \u00e9s f\u00fcrd\u0151szoba tal\u00e1lhat\u00f3. A h\u00e1z hasznos alapter\u00fclete 140m\u00b2, brutt\u00f3 alapter\u00fclet 184m\u00b2.<\/p>\n<p>Kivitelez\u00e9si ir\u00e1ny\u00e1r kateg\u00f3ri\u00e1t\u00f3l f\u00fcgg\u0151en: 76m Ft.-t\u00f3l + telek.<\/p>\n<hr \/>\n<h3 style=\"text-align: center;\">Veresegyh\u00e1z Ligetek Modern<\/h3>\n<p><img loading=\"lazy\" class=\"aligncenter\" src=\"latvanyterv\/vlmodern\/01.jpg\" alt=\"\" width=\"512\" height=\"340\" \/><\/p>\n<p style=\"text-align: justify;\">Veresegyh\u00e1z \u00fajonnan fejl\u0151d\u0151 r\u00e9szeire k\u00e9pzelt\u00fck el ezt a modern, fiatalos jelleg\u0171 egyszintes csal\u00e1di h\u00e1zat. A h\u00e1zat azoknak aj\u00e1nljuk, akik szeretik az \u00fajdons\u00e1gokat \u00e9s a modern form\u00e1kat. A hely rengeteg \u00e9p\u00edt\u00e9szeti lehet\u0151s\u00e9get hordoz mag\u00e1ban. A k\u00fcls\u0151 modern megjelen\u00e9shez nagyr\u00e9szt hozz\u00e1j\u00e1rul a falakon \u00e1t\u00edvel\u0151 \u00fcvegfel\u00fcletek sokas\u00e1ga, ami csak n\u00f6veli a tereket. A h\u00e1zhoz tartozik egy sz\u00e9p terasz, ami f\u00e9lig fedett f\u00e9lig ny\u00edlt. A h\u00e1z 3 szob\u00e1s, nagy nappali r\u00e9sszel, amerikai konyh\u00e1val \u00e9s k\u00e9t f\u00fcrd\u0151szob\u00e1val rendelkezik. A h\u00e1z hasznos alapter\u00fclete 116m\u00b2, brutt\u00f3 alapter\u00fclete 143m\u00b2.<\/p>\n<p>Kivitelez\u00e9si ir\u00e1ny\u00e1r kateg\u00f3ri\u00e1t\u00f3l f\u00fcgg\u0151en: 57m Ft.-t\u00f3l + telek.<\/p>\n<hr \/>\n<h3 style=\"text-align: center;\">Veresegyh\u00e1z Panor\u00e1ma<\/h3>\n<p><img loading=\"lazy\" class=\"aligncenter\" src=\"latvanyterv\/vpanorama\/01.jpg\" alt=\"\" width=\"512\" height=\"342\" \/><\/p>\n<p style=\"text-align: justify;\">Veresegyh\u00e1z gy\u00f6ny\u00f6r\u0171 panor\u00e1m\u00e1t ny\u00fajt\u00f3 Sz\u00e9chenyi domb, valamint az ann\u00e1l csal\u00e1diasabb Ligetek r\u00e9sz\u00e9n egyar\u00e1nt megval\u00f3s\u00edthat\u00f3 ez a mediterr\u00e1n k\u00e9tszintes csal\u00e1di h\u00e1z. A h\u00e1z adotts\u00e1gait egy panor\u00e1m\u00e1s, szinteltol\u00e1sos telken lehetne a legjobban kihaszn\u00e1lni. A ny\u00edlt z\u00f3n\u00e1kon k\u00edv\u00fcl a f\u00f6ldszinten tal\u00e1lunk m\u00e9g egy praktikusan kialak\u00edtott h\u00e1l\u00f3r\u00e9szt gardr\u00f3bbal kieg\u00e9sz\u00edtve. A f\u00f6ldszinten szepar\u00e1lt konyha tal\u00e1lhat\u00f3 kamr\u00e1val, az \u00e9tkez\u0151 nyitottabb a nappali ir\u00e1ny\u00e1ba, tov\u00e1bb\u00e1 a f\u00f6ldszinten tal\u00e1lunk egy sz\u00e9p t\u00e1gas mos\u00f3konyh\u00e1t is. Szemben vele a f\u00fcrd\u0151szoba \u00e9s a vend\u00e9g WC van. Az emeleten tal\u00e1lhat\u00f3k az intim z\u00f3n\u00e1k: 3 h\u00e1l\u00f3szoba, el\u0151t\u00e9r \u00e9s f\u00fcrd\u0151szoba foglal itt helyet.<br \/>\nA h\u00e1z f\u00f6ldszintj\u00e9nek hasznos alapter\u00fclete: 89m\u00b2. Az emelet hasznos alapter\u00fclete: 43m\u00b2. A f\u00f6ldszint brutt\u00f3 alapter\u00fclete: 118m\u00b2. Az emelet brutt\u00f3 alapter\u00fclete: 52m\u00b2.<\/p>\n<p>Kivitelez\u00e9si ir\u00e1ny\u00e1r kateg\u00f3ri\u00e1t\u00f3l f\u00fcgg\u0151en: 68m Ft.-t\u00f3l + telek.<\/p>\n<hr \/>\n<h3 style=\"text-align: center;\">Veresegyh\u00e1z Ligetek Hagyom\u00e1nyos<\/h3>\n<p><img loading=\"lazy\" class=\"aligncenter\" src=\"latvanyterv\/vlhagyomanyos\/01.jpg\" alt=\"\" width=\"512\" height=\"263\" \/><\/p>\n<p style=\"text-align: justify;\">Veresegyh\u00e1z \u00fajonnan fejl\u0151d\u0151 Ligetek r\u00e9sz\u00e9n hagyom\u00e1nyos, a k\u00f6rnyezet\u00e9vel harm\u00f3ni\u00e1t teremt\u0151, egyszintes csal\u00e1di h\u00e1z l\u00e1tv\u00e1nyterv\u00e9t mutatjuk be. Ezt a h\u00e1zat jelleg\u00e9t\u0151l f\u00fcgg\u0151en azoknak aj\u00e1nljuk, akik kedvelik a letisztult form\u00e1kat. A h\u00e1z hasznos alapter\u00fclete 90m\u00b2, brutt\u00f3 alapter\u00fclete 108m\u00b2.<\/p>\n<p>Kivitelez\u00e9si ir\u00e1ny\u00e1r a kateg\u00f3ri\u00e1t\u00f3l f\u00fcgg\u0151en: 44m Ft.-t\u00f3l + telek.<\/p>\n<p>A h\u00e1zat teljes m\u00e9rt\u00e9kben az \u00d6n ig\u00e9nyeinek megfelel\u0151en alak\u00edtjuk ki \u00e9s megalkotjuk \u00e1lmai h\u00e1z\u00e1t.<\/p>\n<hr \/>\n<h3 style=\"text-align: center;\">Veresegyh\u00e1z Ligetek Country<\/h3>\n<p><img loading=\"lazy\" class=\"aligncenter\" src=\"latvanyterv\/vlcountry\/01.jpg\" alt=\"\" width=\"512\" height=\"263\" \/><\/p>\n<p style=\"text-align: justify;\">Veresegyh\u00e1z fejl\u0151d\u0151 Ligetek r\u00e9sz\u00e9n, az amerikai kertv\u00e1rost id\u00e9z\u0151 country st\u00edlus\u00fa h\u00e1zzal azoknak szeretn\u00e9nk kedveskedni, akiknek a gy\u00f6ny\u00f6r\u0171 kertv\u00e1rosi exkluzivit\u00e1s jelenti \u00e1lmai h\u00e1z\u00e1t. A h\u00e1z jelleg\u00e9t tekintve teljes \u00f6sszhangot k\u00e9pez a k\u00f6rnyezet\u00e9vel. Tov\u00e1bb fokozza a hangulatot a kikapcsol\u00f3d\u00e1s helysz\u00edn\u00e9\u00fcl szolg\u00e1l\u00f3 mes\u00e9s veranda. A h\u00e1z hasznos alapter\u00fclete 80m\u00b2, a brutt\u00f3 alapter\u00fclete 96m\u00b2.<\/p>\n<p>Kivitelez\u00e9si ir\u00e1ny\u00e1r kateg\u00f3ri\u00e1kt\u00f3l f\u00fcgg\u0151en: 38m Ft.-t\u00f3l + telek.<\/p>\n<hr \/>\n<h3 style=\"text-align: center;\">Veresegyh\u00e1z Ligetek Classic<\/h3>\n<p><img loading=\"lazy\" class=\"aligncenter\" src=\"latvanyterv\/vlclassic\/01.jpg\" alt=\"\" width=\"512\" height=\"263\" \/><\/p>\n<p style=\"text-align: justify;\">Veresegyh\u00e1z fejl\u0151d\u0151 r\u00e9szeire k\u00e9pzelt\u00fck el ezt a klasszikus jelleget sug\u00e1rz\u00f3 egyszintes csal\u00e1di h\u00e1zat. Az \u00e9p\u00fcletet klasszikus hangulat\u00e1b\u00f3l ad\u00f3d\u00f3an azoknak aj\u00e1nljuk, akik kedvelik az egyszer\u0171, letisztult megold\u00e1sokat, a finom pasztellsz\u00ednek \u00f6sszhangj\u00e1t \u00e9s a csal\u00e1dias hangulatot. A h\u00e1zhoz tartozik tov\u00e1bb\u00e1 egy nagy teraszr\u00e9sz, amit hangulat\u00e1val a csal\u00e1di programok f\u0151 helysz\u00edn\u00e9v\u00e9 var\u00e1zsolhatja. A h\u00e1z hasznos alapter\u00fclete 110m\u00b2, brutt\u00f3 alapter\u00fclete 133m\u00b2.<\/p>\n<p>Kivitelez\u00e9si ir\u00e1ny\u00e9r kateg\u00f3ri\u00e1kt\u00f3l f\u00fcgg\u0151en 53m Ft.-t\u00f3l + telek.<\/p>\n<p><span class=\"left\"><a href=\"#top\">Ugr\u00e1s az oldal tetej\u00e9re<\/a><\/span><\/p>\n","protected":false},"excerpt":{"rendered":"<p>Veresegyh\u00e1z Ligetek Mediterr\u00e1n Veresegyh\u00e1z \u00fajonnan fejl\u0151d\u0151 r\u00e9szeire lett meg\u00e1lmodva ez a mediterr\u00e1n hangulatot id\u00e9z\u0151 k\u00e9tszintes csal\u00e1di h\u00e1z. Azoknak aj\u00e1nljuk ezt a h\u00e1zat, akik kedvelik a mediterr\u00e1n jelleget, a gy\u00f6ny\u00f6r\u0171 t\u00e9rk\u00f6vez\u00e9seket, a hatalmas \u00fcvegfel\u00fcleteket. A szem\u00e9lyes z\u00f3na emeleten t\u00f6rt\u00e9n\u0151 kialak\u00edt\u00e1s\u00e1val el\u00e9rt\u00fck, hogy teljesen elk\u00fcl\u00f6n\u00fclj\u00f6n a ny\u00edlt z\u00f3n\u00e1kt\u00f3l, \u00edgy megtartva intimit\u00e1s\u00e1t. A \u2026 <a class=\"continue-reading-link\" href=\"https:\/\/minosegihaz.hu\/?page_id=841\"> Continue reading <span class=\"meta-nav\">&rarr; <\/span><\/a><\/p>\n","protected":false},"author":1,"featured_media":0,"parent":5741,"menu_order":0,"comment_status":"open","ping_status":"open","template":"","meta":[],"yoast_head":"<!-- This site is optimized with the Yoast SEO plugin v15.3 - https:\/\/yoast.com\/wordpress\/plugins\/seo\/ -->\n<title>Kivitelez\u00e9si l\u00e1tv\u00e1nytervek -<\/title>\n<meta name=\"description\" content=\"kivitelez\u00e9s, energiahat\u00e9kony, csal\u00e1di h\u00e1z, min\u0151s\u00e9gi, \u00e9p\u00edt\u00e9s, expert\" \/>\n<meta name=\"robots\" content=\"index, follow, max-snippet:-1, max-image-preview:large, max-video-preview:-1\" \/>\n<link rel=\"canonical\" href=\"https:\/\/minosegihaz.hu\/?page_id=841\" \/>\n<meta property=\"og:locale\" content=\"hu_HU\" \/>\n<meta property=\"og:type\" content=\"article\" \/>\n<meta property=\"og:title\" content=\"Kivitelez\u00e9si l\u00e1tv\u00e1nytervek -\" \/>\n<meta property=\"og:description\" content=\"kivitelez\u00e9s, energiahat\u00e9kony, csal\u00e1di h\u00e1z, min\u0151s\u00e9gi, \u00e9p\u00edt\u00e9s, expert\" \/>\n<meta property=\"og:url\" content=\"https:\/\/minosegihaz.hu\/?page_id=841\" \/>\n<meta property=\"article:modified_time\" content=\"2020-05-16T14:00:44+00:00\" \/>\n<meta property=\"og:image\" content=\"http:\/\/latvanyterv\/vlmediterran\/01.jpg\" \/>\n<meta name=\"twitter:label1\" content=\"Szerz\u0151:\">\n\t<meta name=\"twitter:data1\" content=\"chriser\">\n\t<meta name=\"twitter:label2\" content=\"Becs\u00fclt olvas\u00e1si id\u0151\">\n\t<meta name=\"twitter:data2\" content=\"4 perc\">\n<script type=\"application\/ld+json\" class=\"yoast-schema-graph\">{\"@context\":\"https:\/\/schema.org\",\"@graph\":[{\"@type\":\"WebSite\",\"@id\":\"https:\/\/minosegihaz.hu\/#website\",\"url\":\"https:\/\/minosegihaz.hu\/\",\"name\":\"\",\"description\":\"Energiahat\\u00e9kony csal\\u00e1di h\\u00e1zak \\u00e9p\\u00edt\\u00e9se, kivitelez\\u00e9se\",\"potentialAction\":[{\"@type\":\"SearchAction\",\"target\":\"https:\/\/minosegihaz.hu\/?s={search_term_string}\",\"query-input\":\"required name=search_term_string\"}],\"inLanguage\":\"hu\"},{\"@type\":\"ImageObject\",\"@id\":\"https:\/\/minosegihaz.hu\/?page_id=841#primaryimage\",\"inLanguage\":\"hu\",\"url\":\"latvanyterv\/vlmediterran\/01.jpg\"},{\"@type\":\"WebPage\",\"@id\":\"https:\/\/minosegihaz.hu\/?page_id=841#webpage\",\"url\":\"https:\/\/minosegihaz.hu\/?page_id=841\",\"name\":\"Kivitelez\\u00e9si l\\u00e1tv\\u00e1nytervek -\",\"isPartOf\":{\"@id\":\"https:\/\/minosegihaz.hu\/#website\"},\"primaryImageOfPage\":{\"@id\":\"https:\/\/minosegihaz.hu\/?page_id=841#primaryimage\"},\"datePublished\":\"2012-01-13T20:01:01+00:00\",\"dateModified\":\"2020-05-16T14:00:44+00:00\",\"description\":\"kivitelez\\u00e9s, energiahat\\u00e9kony, csal\\u00e1di h\\u00e1z, min\\u0151s\\u00e9gi, \\u00e9p\\u00edt\\u00e9s, expert\",\"inLanguage\":\"hu\",\"potentialAction\":[{\"@type\":\"ReadAction\",\"target\":[\"https:\/\/minosegihaz.hu\/?page_id=841\"]}]}]}<\/script>\n<!-- \/ Yoast SEO plugin. -->","_links":{"self":[{"href":"https:\/\/minosegihaz.hu\/index.php?rest_route=\/wp\/v2\/pages\/841"}],"collection":[{"href":"https:\/\/minosegihaz.hu\/index.php?rest_route=\/wp\/v2\/pages"}],"about":[{"href":"https:\/\/minosegihaz.hu\/index.php?rest_route=\/wp\/v2\/types\/page"}],"author":[{"embeddable":true,"href":"https:\/\/minosegihaz.hu\/index.php?rest_route=\/wp\/v2\/users\/1"}],"replies":[{"embeddable":true,"href":"https:\/\/minosegihaz.hu\/index.php?rest_route=%2Fwp%2Fv2%2Fcomments&post=841"}],"version-history":[{"count":9,"href":"https:\/\/minosegihaz.hu\/index.php?rest_route=\/wp\/v2\/pages\/841\/revisions"}],"predecessor-version":[{"id":13417,"href":"https:\/\/minosegihaz.hu\/index.php?rest_route=\/wp\/v2\/pages\/841\/revisions\/13417"}],"up":[{"embeddable":true,"href":"https:\/\/minosegihaz.hu\/index.php?rest_route=\/wp\/v2\/pages\/5741"}],"wp:attachment":[{"href":"https:\/\/minosegihaz.hu\/index.php?rest_route=%2Fwp%2Fv2%2Fmedia&parent=841"}],"curies":[{"name":"wp","href":"https:\/\/api.w.org\/{rel}","templated":true}]}}