{"id":5681,"date":"2012-03-09T11:42:27","date_gmt":"2012-03-09T11:42:27","guid":{"rendered":"http:\/\/drupal.minosegihaz.hu\/?page_id=5681"},"modified":"2026-01-19T18:15:02","modified_gmt":"2026-01-19T16:15:02","slug":"arkategoriak","status":"publish","type":"page","link":"https:\/\/minosegihaz.hu\/?page_id=5681","title":{"rendered":"\u00c1raink kateg\u00f3ri\u00e1k szerint"},"content":{"rendered":"<hr>\n<h3>A megadott \u00e1rak t\u00e1j\u00e9koztat\u00f3 jelleg\u0171ek, a v\u00e9gleges \u00e1r megad\u00e1sa egyeztet\u00e9s alapj\u00e1n t\u00f6rt\u00e9nik!<\/h3>\n<hr>\n<h3><a href=\"\/dox\/kulcsrakesz_arak_202601.pdf\"><span style=\"color: #ff0000;\">Kulcsrak\u00e9sz \u00e1rt\u00e1bl\u00e1zatunk ide kattintva t\u00f6lthet\u0151 le.<\/span><\/a><\/h3>\n<hr>\n<p style=\"text-align: justify;\">Az \u00e1raink General &#8211; Kulcsrak\u00e9sz kivitelez\u00e9sre vonatkoznak a megadott magas m\u0171szaki tartalmakkal, \u00e1rkateg\u00f3ri\u00e1nk szerint.<\/p>\n<p><strong>Nov\u00e1k Katalin csal\u00e1dok\u00e9rt felel\u0151s t\u00e1rca n\u00e9lk\u00fcli miniszter 2020. okt\u00f3ber 7-ei bejelent\u00e9se alapj\u00e1n 2022 \u00e9v v\u00e9g\u00e9ig \u00fajra \u00e9l az 5%-os \u00c1FA kulcs \u00faj \u00e9p\u00edtkez\u00e9sek eset\u00e9ben. Tov\u00e1bbi inform\u00e1ci\u00f3\u00e9rt h\u00edvjon bizalommal a 06-70 386-6966-os telefonsz\u00e1mon.<\/strong><\/p>\n<p><strong>A m\u00e1sodik \u00e1rkateg\u00f3ria &#8211; 650.000 Ft\/brutt\u00f3 m\u00b2 &#8211; magas szint\u0171 m\u0171szaki csomagunkkal \u00e9rtend\u0151.<\/strong><br \/>\n\u00dcgyfeleink t\u00f6bbs\u00e9ge a <strong>II. kateg\u00f3ria<\/strong> m\u0171szaki tartalm\u00e1t &#8211; <strong>ami \u00e1r-\u00e9rt\u00e9k ar\u00e1ny szempontj\u00e1b\u00f3l szinte fel\u00fclm\u00falhatatlan a piacon<\/strong> &#8211; rendeli meg otthonai meg\u00e9p\u00edt\u00e9s\u00e9re.<br \/>\n<strong>A felt\u00fcntetett \u00e1rak 5% \u00e1f\u00e1t tartalmaznak.<\/strong><\/p>\n<p>A kateg\u00f3ri\u00e1k ig\u00e9ny szerint kombin\u00e1lhat\u00f3ak.<\/p>\n<h2>Szerkezetk\u00e9sz \u00e1llapot brutt\u00f3 alapter\u00fcletre:<\/h2>\n<ul>\n<li>I. Kateg\u00f3ria: 280.000 Ft\/m\u00b2 (brutt\u00f3 \u00e1r, 5% \u00e1f\u00e1val)<\/li>\n<li>II. Kateg\u00f3ria: 320.000 Ft\/m\u00b2 (brutt\u00f3 \u00e1r, 5% \u00e1f\u00e1val)<\/li>\n<li>III. Kateg\u00f3ria: 340.000 Ft\/m\u00b2 (brutt\u00f3 \u00e1r, 5% \u00e1f\u00e1val)<\/li>\n<\/ul>\n<p style=\"text-align: justify;\">A kivitelez\u00e9si \u00e1raink s\u00edk ter\u00fcletre \u00e9p\u00fcl\u0151 egyszintes csal\u00e1di h\u00e1z mind szerkezetk\u00e9sz \u00e9s mind kulcsrak\u00e9sz \u00e1llapot\u00e1ra \u00e9rtend\u0151k. A tereprendez\u00e9s, a k\u00f6zm\u0171csatlakoz\u00e1sok, valamint a ker\u00edt\u00e9sek \u00e9s a teraszok k\u00fcl\u00f6n k\u00f6lts\u00e9get k\u00e9peznek, mely megbesz\u00e9l\u00e9s alapj\u00e1n fix\u00e1lhat\u00f3. <strong>A tet\u0151t\u00e9r \u00e9s alagsor be\u00e9p\u00edt\u00e9se eset\u00e9n is az \u00e1raj\u00e1nlatban szerepl\u0151 \u00e1rak a m\u00e9rvad\u00f3ak.Az aj\u00e1nlatban szerepl\u0151 \u00e1raink az \u00c1fa-t tartalmazz\u00e1k \u00e9s az \u00e9p\u00fclet teljes, azaz brutt\u00f3 alapter\u00fclet\u00e9re vonatkoznak. Brutt\u00f3 alapter\u00fclet: az \u00e9p\u00fclet homlokzati fals\u00edkjai \u00e1ltal hat\u00e1rolt ter\u00fclet.<\/strong><\/p>\n<p style=\"text-align: center;\">Nagyobb m\u00e9rethez kattintson az alaprajzra.<br \/>\n<a href=\"content\/alaprajz_kicsi.jpg\" target=\"_blank\" rel=\"noopener noreferrer\"><img src=\"content\/alaprajz_kicsi.jpg\" alt=\"\" width=\"510\"><\/a><\/p>\n<p><strong>Terasz k\u00f6lts\u00e9ge: 130.000 Ft\/m\u00b2 (brutt\u00f3 \u00e1r, 5% \u00e1f\u00e1val)<\/strong><br \/>\n(Mely kulcsrak\u00e9sz \u00e1llapotot takar, a megfelel\u0151 burkolati \u00e1rral, az \u00e1rkateg\u00f3ri\u00e1k szerint.)<br \/>\n<strong>Fedett terasz k\u00f6lts\u00e9ge: 260.000 Ft\/m\u00b2 (brutt\u00f3 \u00e1r, 5% \u00e1f\u00e1val)<\/strong><br \/>\n(Mely kulcsrak\u00e9sz \u00e1llapotot takar, a megfelel\u0151 burkolati \u00e1rral, az \u00e1rkateg\u00f3ri\u00e1k szerint.)<br \/>\n<strong>Fedett g\u00e9pkocsibe\u00e1ll\u00f3 k\u00f6lts\u00e9ge: 260.000 Ft\/m\u00b2 (brutt\u00f3 \u00e1r, 27% \u00e1f\u00e1val)<\/strong><br \/>\n(Mely kulcsrak\u00e9sz \u00e1llapotot takar, a megfelel\u0151 burkolati \u00e1rral, az \u00e1rkateg\u00f3ri\u00e1k szerint.)<\/p>\n<p><strong>Burkolatok \u00e9s burkol\u00e1s:<\/strong><\/p>\n<p style=\"text-align: justify;\">A burkolatok az alaprajzon meghat\u00e1rozott n\u00e9gyzetm\u00e9ter mennyis\u00e9geket sz\u00e1molva, term\u00e9szetesen az \u00e1rkateg\u00f3ri\u00e1k szerinti \u00e1rban, a lakberendez\u0151nk seg\u00edts\u00e9g\u00e9vel b\u00e1rhol megv\u00e1s\u00e1rolhat\u00f3k. A burkol\u00e1s f\u00fcrd\u0151szoba oldalfalain 210 cm.-es magass\u00e1gban, m\u00edg a kaz\u00e1nh\u00e1z oldalfalain 150 cm.-es magass\u00e1gban \u00e9rtend\u0151k. A konyhab\u00fator hossz\u00e1ban, 60 cm-es sz\u00e9less\u00e9gben v\u00e1llaljuk a burkolat felrak\u00e1s\u00e1t. A burkolatok kisz\u00e1ll\u00edt\u00e1si k\u00f6lts\u00e9gei egyeztet\u00e9s alapj\u00e1n t\u00f6rt\u00e9nnek.<\/p>\n<p><strong>K\u00fcsz\u00f6b\u00f6k:<\/strong><\/p>\n<p style=\"text-align: justify;\">A bels\u0151 ajt\u00f3k burkolat \u00e1tmenet\u00e9n\u00e9l t\u00f6bbf\u00e9le sz\u00ednben kiv\u00e1laszthat\u00f3 burkolatv\u00e1lt\u00f3 \u00f6ntapad\u00f3s s\u00edneket alkalmazunk.<\/p>\n<p><strong>Es\u0151v\u00edz elvezet\u00e9s:<\/strong><\/p>\n<p style=\"text-align: justify;\">Az I. \u00e9s II. Kateg\u00f3ri\u00e1ban sima csatornak\u00f6ny\u00f6k \u00e9rtend\u0151, melynek a v\u00edzelvezet\u00e9s\u00e9t a kul\u00e9 kavics biztos\u00edtja.<\/p>\n<p>Az elektromos h\u00e1l\u00f3zat \u00e9s a fest\u00e9s r\u00e9szletes tartalma a m\u0171szaki le\u00edr\u00e1sokban tal\u00e1lhat\u00f3.<\/p>\n<h3>Kieg\u00e9sz\u00edt\u0151 megjegyz\u00e9sek:<\/h3>\n<ul>\n<li>A villany k\u00f6zm\u0171 \u00e9s a villany\u00f3ra beszerel\u00e9si k\u00f6lts\u00e9ge k\u00f6r\u00fclbel\u00fcl 300.000 Ft, melyben a teljes k\u00f6r\u0171 \u00fcgyint\u00e9z\u00e9s is bele\u00e9rtend\u0151.<\/li>\n<li>A v\u00edzk\u00f6zm\u0171 d\u00edja a v\u00edz\u00f3ra akna megl\u00e9te eset\u00e9n, a telken k\u00f6r\u00fclbel\u00fcl 150.000 Ft, m\u00edg a v\u00edz\u00f3ra akna telep\u00edt\u00e9se eset\u00e9n 200.000 Ft, term\u00e9szetesen a teljes k\u00f6r\u0171 \u00fcgyint\u00e9z\u00e9st mindk\u00e9t esetben a c\u00e9g v\u00e1llalja. Tov\u00e1bb\u00e1 biztos\u00edtunk egy kerti csapot az akna mell\u00e9.<\/li>\n<li>Teherg\u00e9pkocsival, azaz 3,5 tonna feletti j\u00e1rm\u0171vel nem megk\u00f6zel\u00edthet\u0151 \u00e9p\u00edtkez\u00e9sekre az \u00e9p\u00edt\u0151anyag besz\u00e1ll\u00edt\u00e1sa k\u00fcl\u00f6n megbesz\u00e9l\u00e9s alapj\u00e1n t\u00f6rt\u00e9nik.<\/li>\n<\/ul>\n<h3>A kivitelez\u00e9s id\u0151tartama:<\/h3>\n<p style=\"text-align: justify;\"><strong>Kivitelez\u00e9seinkn\u00e9l a m\u0171szaki \u00e1tad\u00e1sra egyszintes, h\u00e1rom szob\u00e1s csal\u00e1di h\u00e1zn\u00e1l 10 h\u00f3napos hat\u00e1rid\u0151n bel\u00fcl ker\u00fcl sor! Term\u00e9szetesen a hat\u00e1rid\u0151 \u00e1tl\u00e9p\u00e9s\u00e9n\u00e9l c\u00e9g\u00fcnk napi k\u00f6tb\u00e9rt v\u00e1llal!<\/strong><\/p>\n<p style=\"text-align: center;\"><span class=\"center\"><a href=\"dox\/minta.pdf\" target=\"_blank\" rel=\"noopener noreferrer\">Kivitelez\u00e9si szerz\u0151d\u00e9s (minta) megtekint\u00e9s\u00e9hez kattintson ide!<\/a><\/span><\/p>\n<hr>\n<h3 style=\"text-align: center;\"><strong>K\u00e9sz\u00fclts\u00e9gi \u00e9s fizet\u00e9si \u00fctemterv (mintap\u00e9lda)<\/strong><\/h3>\n<p><span class=\"center\">A kivitelez\u00e9si \u00e1ra brutt\u00f3 30.000.000 Ft.- (harminc milli\u00f3 forint).<\/span><\/p>\n<p><strong>I. \u00dctemr\u00e9sz:<\/strong><br \/>\nF\u00f6ldmunk\u00e1k \u00e9s teljes s\u00e1valap, valamint a s\u00edk beton lemez elk\u00e9sz\u00fclte<br \/>\nI. \u00dctemr\u00e9sz brutt\u00f3 d\u00edjr\u00e9szlete: 3.500.000 Ft.- (h\u00e1rommilli\u00f3 \u00f6tsz\u00e1zezer forint)<\/p>\n<p><strong>II. \u00dctemr\u00e9sz:<\/strong><br \/>\nSzigetel\u00e9sek, f\u0151 \u00e9s v\u00e1laszfal falaz\u00e1sa, valamint z\u00e1r\u00f3 koszor\u00fa \u00e9p\u00edt\u00e9s\u00e9nek elk\u00e9sz\u00fclte<br \/>\nII. \u00dctemr\u00e9sz brutt\u00f3 d\u00edjr\u00e9szlete: 3.500.000 Ft.- (h\u00e1rommilli\u00f3 \u00f6tsz\u00e1zezer forint)<\/p>\n<p><strong>III. \u00dctemr\u00e9sz:<\/strong><br \/>\nTet\u0151szerkezet meg\u00e9p\u00edt\u00e9s\u00e9nek (v\u00e1zszerkezet \u00e9s p\u00e1ra\u00e1tereszt\u0151 f\u00f3li\u00e1val val\u00f3 befed\u00e9s) elk\u00e9sz\u00fclte<br \/>\nIII. \u00dctemr\u00e9sz brutt\u00f3 d\u00edjr\u00e9szlete: 3.000.000 Ft.- (h\u00e1rommilli\u00f3 forint)<\/p>\n<p><strong>IV. \u00dctemr\u00e9sz:<\/strong><br \/>\nTet\u0151szerkezet fed\u00e9se (cserepez\u00e9s), b\u00e1dogoz\u00e1si munk\u00e1k \u00e9s bels\u0151 mennyezet kialak\u00edt\u00e1s\u00e1nak elk\u00e9sz\u00fclte<br \/>\nIV. \u00dctemr\u00e9sz brutt\u00f3 d\u00edjr\u00e9szlete: 3.000.000 Ft.- (h\u00e1rommilli\u00f3 forint)<\/p>\n<p><strong>V. \u00dctemr\u00e9sz:<\/strong><br \/>\nG\u00e9p\u00e9szeti alapszerel\u00e9s (f\u0171t\u00e9s, v\u00edz, villany) elk\u00e9sz\u00fclte<br \/>\nV. \u00fctemr\u00e9sz brutt\u00f3 d\u00edjr\u00e9szlete: 3.500.000 Ft.- (h\u00e1rommilli\u00f3 \u00f6tsz\u00e1zezer forint)<\/p>\n<p><strong>VI. \u00dctemr\u00e9sz:<\/strong><br \/>\nAljzatbeton \u00e9s bels\u0151 gipszkartonoz\u00e1s, valamint a k\u00fcls\u0151 vakol\u00e1s elk\u00e9sz\u00fclte<br \/>\nVI. \u00dctemr\u00e9sz brutt\u00f3 d\u00edjr\u00e9szlete: 3.500.000 Ft.- (h\u00e1rommilli\u00f3 \u00f6tsz\u00e1zezer forint)<\/p>\n<p><strong>VII. \u00dctemr\u00e9sz:<\/strong><br \/>\nK\u00fcls\u0151 ny\u00edl\u00e1sz\u00e1r\u00f3k be\u00e9p\u00edt\u00e9s\u00e9nek elk\u00e9sz\u00fclte<br \/>\nVII. \u00dctemr\u00e9sz brutt\u00f3 d\u00edjr\u00e9szlete: 2.500.000 Ft.- (k\u00e9tmilli\u00f3 \u00f6tsz\u00e1zezer forint)<\/p>\n<p><strong>VIII. \u00dctemr\u00e9sz:<\/strong><br \/>\nBels\u0151 glettel\u00e9s, k\u00fcls\u0151 homlokzati sz\u00ednez\u00e9s elk\u00e9sz\u00fclte<br \/>\nVIII. \u00dctemr\u00e9sz brutt\u00f3 d\u00edjr\u00e9szlete: 2.500.000 Ft.- (k\u00e9tmilli\u00f3 \u00f6tsz\u00e1zezer forint)<\/p>\n<p><strong>IX. \u00dctemr\u00e9sz:<\/strong><br \/>\nBels\u0151 fest\u00e9s, hideg-meleg burkolatok, valamint a bels\u0151 ny\u00edl\u00e1sz\u00e1r\u00f3k be\u00e9p\u00edt\u00e9s\u00e9nek elk\u00e9sz\u00fclte<br \/>\nIX. \u00dctemr\u00e9sz brutt\u00f3 d\u00edjr\u00e9szlete: 3.000.000 Ft.- (h\u00e1rommilli\u00f3 forint)<\/p>\n<p><strong>X. \u00dctemr\u00e9sz:<\/strong><br \/>\nBefejez\u0151 munk\u00e1latok, szerelv\u00e9nyez\u00e9s \u00e9s a g\u00e9p\u00e9szet beszerel\u00e9s\u00e9nek elk\u00e9sz\u00fclte<br \/>\nX. \u00dctemr\u00e9sz brutt\u00f3 d\u00edjr\u00e9szlete: 2.000.000 Ft.- (k\u00e9tmilli\u00f3 forint)<\/p>\n<p style=\"text-align: justify;\">A megrendel\u0151vel t\u00f6rt\u00e9nt k\u00f6z\u00f6s ellen\u0151rz\u00e9s ut\u00e1n (helysz\u00edni szemle) az elk\u00e9sz\u00fclt \u00fctemek elv\u00e9gz\u00e9s\u00e9nek megt\u00f6rt\u00e9nte az \u00e9p\u00edt\u00e9si napl\u00f3ba ker\u00fcl bejegyz\u00e9sre, amit a m\u0171szaki vezet\u0151nk r\u00f6gz\u00edt.<strong> A megrendel\u0151 a bejegyz\u00e9st\u0151l sz\u00e1m\u00edtott 3 (azaz h\u00e1rom) napon bel\u00fcl k\u00f6teles a v\u00e1llalkoz\u00f3i d\u00edjat kiegyenl\u00edteni.<\/strong><\/p>\n<hr>\n<h3 style=\"text-align: center; font-weight: bold; color: #900; font-size: 18px;\">J\u00f3t\u00e1ll\u00e1s, szavatoss\u00e1g<\/h3>\n<p style=\"text-align: justify; color: #900;\"><strong>V\u00e1llalkoz\u00f3 a 97\/2014. (III.25.) Korm. rendelet 1. sz\u00e1m\u00fa mell\u00e9klet\u00e9nek 1. pontj\u00e1ban meghat\u00e1rozott \u00e9p\u00fcletszerkezeteire, az 1. sz\u00e1m\u00fa mell\u00e9klet 2. pontj\u00e1ban meghat\u00e1rozott lak\u00e1s- \u00e9s \u00e9p\u00fclet-berendez\u00e9sek be\u00e9p\u00edt\u00e9s\u00e9re, illetve beszerel\u00e9s\u00e9re, valamint az e lak\u00f3\u00e9p\u00fcletnek a 2. sz\u00e1m\u00fa mell\u00e9klet\u00e9ben meghat\u00e1rozott, a lak\u00e1sokat kiszolg\u00e1l\u00f3 helyis\u00e9geire \u00e9s r\u00e9szeire 3 \u00e9ves j\u00f3t\u00e1ll\u00e1st v\u00e1llal, amennyiben ezen r\u00e9szek, berendez\u00e9sek, felszerel\u00e9sek be\u00e9p\u00edt\u00e9s\u00e9t, beszerel\u00e9s\u00e9t a kivitelez\u0151 v\u00e9gezte, illetve v\u00e9geztette.<br \/>\nAz \u00e9p\u00edt\u00e9si munk\u00e1k eset\u00e9ben t\u00f6rt\u00e9n\u0151 hib\u00e1s teljes\u00edt\u00e9s eset\u00e9n V\u00e1llalkoz\u00f3t a Polg\u00e1ri T\u00f6rv\u00e9nyk\u00f6nyvr\u0151l sz\u00f3l\u00f3 2013. \u00e9vi V. t\u00f6rv\u00e9ny alapj\u00e1n, valamint a 11\/1985. (VI. 22.) \u00c9VM-IPM-M\u00c9M-BKM egy\u00fcttes rendelet alapj\u00e1n szavatoss\u00e1gi felel\u0151ss\u00e9g terheli a birtokba ad\u00e1s napj\u00e1t\u00f3l.<br \/>\n<\/strong><\/p>\n<hr>\n<h3 style=\"text-align: center;\">M\u0171szaki le\u00edr\u00e1sok:<\/h3>\n<p style=\"text-align: center;\"><a href=\"dox\/epitesi.pdf\" target=\"_blank\" rel=\"noopener noreferrer\">\u00c9p\u00fcletszerkezet \u00e9p\u00edt\u00e9si m\u0171szaki le\u00edr\u00e1s let\u00f6lt\u00e9s\u00e9hez kattintson ide!<\/a><br \/>\n<a href=\"dox\/futes.pdf\" target=\"_blank\" rel=\"noopener noreferrer\">V\u00edz-g\u00e1z-f\u0171t\u00e9s szerel\u00e9s m\u0171szaki le\u00edr\u00e1s let\u00f6lt\u00e9s\u00e9hez kattintson ide!<\/a><br \/>\n<a href=\"dox\/villany.pdf\" target=\"_blank\" rel=\"noopener noreferrer\">Villanyszerel\u00e9s m\u0171szaki le\u00edr\u00e1s let\u00f6lt\u00e9s\u00e9hez kattintson ide!<\/a><br \/>\n<a href=\"dox\/tetoszerkezet.pdf\" target=\"_blank\" rel=\"noopener noreferrer\">Tet\u0151szerkezet \u00e9p\u00edt\u00e9s m\u0171szaki le\u00edr\u00e1s let\u00f6lt\u00e9s\u00e9hez kattintson ide!<\/a><br \/>\n<a href=\"dox\/festes.pdf\" target=\"_blank\" rel=\"noopener noreferrer\">Fest\u00e9s m\u0171szaki le\u00edr\u00e1s let\u00f6lt\u00e9s\u00e9hez kattintson ide!<\/a><\/p>\n<hr>\n<h3 style=\"text-align: center;\">\u00a8J\u00f3 \u00e9s min\u0151s\u00e9gi h\u00e1zat \u00e9p\u00edteni nem neh\u00e9z, csak kellenek hozz\u00e1 min\u0151s\u00e9gi anyagok \u00e9s j\u00f3 szakemberek!\u00a8<\/h3>\n","protected":false},"excerpt":{"rendered":"<p>A megadott \u00e1rak t\u00e1j\u00e9koztat\u00f3 jelleg\u0171ek, a v\u00e9gleges \u00e1r megad\u00e1sa egyeztet\u00e9s alapj\u00e1n t\u00f6rt\u00e9nik! Kulcsrak\u00e9sz \u00e1rt\u00e1bl\u00e1zatunk ide kattintva t\u00f6lthet\u0151 le. Az \u00e1raink General &#8211; Kulcsrak\u00e9sz kivitelez\u00e9sre vonatkoznak a megadott magas m\u0171szaki tartalmakkal, \u00e1rkateg\u00f3ri\u00e1nk szerint. Nov\u00e1k Katalin csal\u00e1dok\u00e9rt felel\u0151s t\u00e1rca n\u00e9lk\u00fcli miniszter 2020. okt\u00f3ber 7-ei bejelent\u00e9se alapj\u00e1n 2022 \u00e9v v\u00e9g\u00e9ig \u00fajra \u00e9l az \u2026 <a class=\"continue-reading-link\" href=\"https:\/\/minosegihaz.hu\/?page_id=5681\"> Continue reading <span class=\"meta-nav\">&rarr; <\/span><\/a><\/p>\n","protected":false},"author":1,"featured_media":0,"parent":1241,"menu_order":0,"comment_status":"open","ping_status":"closed","template":"","meta":[],"yoast_head":"<!-- This site is optimized with the Yoast SEO plugin v15.3 - https:\/\/yoast.com\/wordpress\/plugins\/seo\/ -->\n<title>\u00c1raink kateg\u00f3ri\u00e1k szerint -<\/title>\n<meta name=\"description\" content=\"kivitelez\u00e9s, energiahat\u00e9kony, csal\u00e1di h\u00e1z, min\u0151s\u00e9gi, \u00e9p\u00edt\u00e9s, expert\" \/>\n<meta name=\"robots\" content=\"index, follow, max-snippet:-1, max-image-preview:large, max-video-preview:-1\" \/>\n<link rel=\"canonical\" href=\"https:\/\/minosegihaz.hu\/?page_id=5681\" \/>\n<meta property=\"og:locale\" content=\"hu_HU\" \/>\n<meta property=\"og:type\" content=\"article\" \/>\n<meta property=\"og:title\" content=\"\u00c1raink kateg\u00f3ri\u00e1k szerint -\" \/>\n<meta property=\"og:description\" content=\"kivitelez\u00e9s, energiahat\u00e9kony, csal\u00e1di h\u00e1z, min\u0151s\u00e9gi, \u00e9p\u00edt\u00e9s, expert\" \/>\n<meta property=\"og:url\" content=\"https:\/\/minosegihaz.hu\/?page_id=5681\" \/>\n<meta property=\"article:modified_time\" content=\"2026-01-19T16:15:02+00:00\" \/>\n<meta property=\"og:image\" content=\"http:\/\/content\/alaprajz_kicsi.jpg\" \/>\n<meta name=\"twitter:label1\" content=\"Szerz\u0151:\">\n\t<meta name=\"twitter:data1\" content=\"chriser\">\n\t<meta name=\"twitter:label2\" content=\"Becs\u00fclt olvas\u00e1si id\u0151\">\n\t<meta name=\"twitter:data2\" content=\"6 perc\">\n<script type=\"application\/ld+json\" class=\"yoast-schema-graph\">{\"@context\":\"https:\/\/schema.org\",\"@graph\":[{\"@type\":\"WebSite\",\"@id\":\"https:\/\/minosegihaz.hu\/#website\",\"url\":\"https:\/\/minosegihaz.hu\/\",\"name\":\"\",\"description\":\"Energiahat\\u00e9kony csal\\u00e1di h\\u00e1zak \\u00e9p\\u00edt\\u00e9se, kivitelez\\u00e9se\",\"potentialAction\":[{\"@type\":\"SearchAction\",\"target\":\"https:\/\/minosegihaz.hu\/?s={search_term_string}\",\"query-input\":\"required name=search_term_string\"}],\"inLanguage\":\"hu\"},{\"@type\":\"ImageObject\",\"@id\":\"https:\/\/minosegihaz.hu\/?page_id=5681#primaryimage\",\"inLanguage\":\"hu\",\"url\":\"content\/alaprajz_kicsi.jpg\"},{\"@type\":\"WebPage\",\"@id\":\"https:\/\/minosegihaz.hu\/?page_id=5681#webpage\",\"url\":\"https:\/\/minosegihaz.hu\/?page_id=5681\",\"name\":\"\\u00c1raink kateg\\u00f3ri\\u00e1k szerint -\",\"isPartOf\":{\"@id\":\"https:\/\/minosegihaz.hu\/#website\"},\"primaryImageOfPage\":{\"@id\":\"https:\/\/minosegihaz.hu\/?page_id=5681#primaryimage\"},\"datePublished\":\"2012-03-09T11:42:27+00:00\",\"dateModified\":\"2026-01-19T16:15:02+00:00\",\"description\":\"kivitelez\\u00e9s, energiahat\\u00e9kony, csal\\u00e1di h\\u00e1z, min\\u0151s\\u00e9gi, \\u00e9p\\u00edt\\u00e9s, expert\",\"inLanguage\":\"hu\",\"potentialAction\":[{\"@type\":\"ReadAction\",\"target\":[\"https:\/\/minosegihaz.hu\/?page_id=5681\"]}]}]}<\/script>\n<!-- \/ Yoast SEO plugin. -->","_links":{"self":[{"href":"https:\/\/minosegihaz.hu\/index.php?rest_route=\/wp\/v2\/pages\/5681"}],"collection":[{"href":"https:\/\/minosegihaz.hu\/index.php?rest_route=\/wp\/v2\/pages"}],"about":[{"href":"https:\/\/minosegihaz.hu\/index.php?rest_route=\/wp\/v2\/types\/page"}],"author":[{"embeddable":true,"href":"https:\/\/minosegihaz.hu\/index.php?rest_route=\/wp\/v2\/users\/1"}],"replies":[{"embeddable":true,"href":"https:\/\/minosegihaz.hu\/index.php?rest_route=%2Fwp%2Fv2%2Fcomments&post=5681"}],"version-history":[{"count":136,"href":"https:\/\/minosegihaz.hu\/index.php?rest_route=\/wp\/v2\/pages\/5681\/revisions"}],"predecessor-version":[{"id":13923,"href":"https:\/\/minosegihaz.hu\/index.php?rest_route=\/wp\/v2\/pages\/5681\/revisions\/13923"}],"up":[{"embeddable":true,"href":"https:\/\/minosegihaz.hu\/index.php?rest_route=\/wp\/v2\/pages\/1241"}],"wp:attachment":[{"href":"https:\/\/minosegihaz.hu\/index.php?rest_route=%2Fwp%2Fv2%2Fmedia&parent=5681"}],"curies":[{"name":"wp","href":"https:\/\/api.w.org\/{rel}","templated":true}]}}