{"id":1001,"date":"2012-01-13T21:03:19","date_gmt":"2012-01-13T20:03:19","guid":{"rendered":"http:\/\/drupal.minosegihaz.hu\/?page_id=1001"},"modified":"2026-02-06T20:13:46","modified_gmt":"2026-02-06T18:13:46","slug":"tervezes","status":"publish","type":"page","link":"https:\/\/minosegihaz.hu\/?page_id=1001","title":{"rendered":"Tervez\u00e9s"},"content":{"rendered":"<hr>\n<p style=\"text-align: center;\">Tervez\u0151nk: Zsigri Csilla<br \/>\nEl\u00e9rhet\u0151s\u00e9gek:+36 20 326-2375<br \/>\nemail: csilla.zs@hotmail.com<\/p>\n<p style=\"text-align: center;\"><strong>\u201eC\u00e9lunk a tervez\u00e9s sor\u00e1n a leend\u0151 \u00c9p\u00edttet\u0151k ig\u00e9nyeinek felt\u00e1r\u00e1sa \u00e9s teljesk\u00f6r\u0171 kiel\u00e9g\u00edt\u00e9se mellett olyan egyedi \u00e9p\u00fclet tervez\u00e9se, mely a k\u00f6rnyezettel harm\u00f3ni\u00e1t alkot, ig\u00e9nyes \u00e9p\u00edt\u00e9szeti megjelen\u00e9ssel b\u00edr, komoly \u00e9rt\u00e9ket k\u00e9pvisel \u00e9s megfelel a kor m\u0171szaki, eszt\u00e9tikai elv\u00e1r\u00e1sainak.\u201d<\/strong><\/p>\n<p style=\"text-align: justify;\">Ehhez seg\u00edts\u00e9get ny\u00fajt \u00fcgyfeleinknek a szem\u00e9lyes konzult\u00e1ci\u00f3k alkalm\u00e1val a sz\u00e1m\u00edt\u00f3g\u00e9pes tervez\u00e9s ny\u00fajtotta lehet\u0151s\u00e9gek &#8211; \u00fagy mint a k\u00fcls\u0151-bels\u0151 l\u00e1tv\u00e1nytervez\u00e9s vagy a homlokzati \u00e9s szerkezeti elemek egyszer\u0171 mozgat\u00e1sa, \u00e1talak\u00edt\u00e1sa.<br \/>\nC\u00e9g\u00fcnk \u00e1ltal t\u00f6rt\u00e9n\u0151 lak\u00f3\u00e9p\u00fclet kivitelez\u00e9s eset\u00e9n kedvezm\u00e9nyes <strong>6000 Ft\/m\u00b2<\/strong> \u00e9p\u00edt\u00e9szeti tervez\u00e9si d\u00edjjal sz\u00e1molnak tervez\u0151ink.<br \/>\nNem a c\u00e9g\u00fcnk \u00e1ltal t\u00f6rt\u00e9n\u0151 kivitelez\u00e9s eset\u00e9n az \u00e9p\u00edt\u00e9szeti tervez\u00e9si d\u00edj <strong>7000 Ft\/m\u00b2.<\/strong><\/p>\n<p style=\"text-align: justify;\">Mindk\u00e9t esetben a tervez\u00e9s \u00f6sszege tartalmazza:<\/p>\n<ul>\n<li style=\"text-align: justify;\">az enged\u00e9lyez\u00e9shez sz\u00fcks\u00e9ges \u00e9p\u00edt\u00e9szeti \u00e9s tart\u00f3szerkezeti tervdokument\u00e1ci\u00f3t<\/li>\n<li style=\"text-align: justify;\">a helyi \u00e9s j\u00e1r\u00e1si \u00e9p\u00edt\u00e9shat\u00f3s\u00e1gokkal t\u00f6rt\u00e9n\u0151 egyeztet\u00e9st<\/li>\n<li style=\"text-align: justify;\">a telep\u00fcl\u00e9sk\u00e9pi v\u00e9lem\u00e9nyez\u00e9st<\/li>\n<li style=\"text-align: justify;\">k\u00f6zm\u0171 egyeztet\u00e9seket<\/li>\n<li style=\"text-align: justify;\">a f\u00f6ldhivatali pap\u00edrok beszerz\u00e9s\u00e9t<\/li>\n<\/ul>\n<p>Nem tartalmazza:<\/p>\n<ul>\n<li>tov\u00e1bbi szak\u00e1gi tervez\u00e9seket (f\u00f6ldm\u00e9r\u00e9s, g\u00e9p\u00e9szet, villamoss\u00e1g)<\/li>\n<li>okm\u00e1nyb\u00e9lyeget<\/li>\n<li>k\u00f6zm\u0171 hozz\u00e1j\u00e1rul\u00e1sokat<\/li>\n<\/ul>\n<p>melyeknek k\u00f6lts\u00e9gei a megrendel\u0151t terhelik.<\/p>\n<p>Term\u00e9szetesen teljes m\u00e9rt\u00e9kben \u00e1tv\u00e1llaljuk az \u00e9p\u00edt\u00e9si enged\u00e9lyez\u00e9shez sz\u00fcks\u00e9ges tov\u00e1bbi szak\u00e1gi tervez\u00e9sek \u00e9s \u00fcgyint\u00e9z\u00e9sek lebonyol\u00edt\u00e1s\u00e1t, hogy ezzel is seg\u00edts\u00fck \u00d6nt, \u00e9s megk\u00edm\u00e9lj\u00fck az esetlegesen felmer\u00fcl\u0151 bonyodalmakt\u00f3l.<br \/>\nTov\u00e1bb\u00e1 c\u00e9g\u00fcnk \u00e1ltali kivitelez\u00e9sek alkalm\u00e1val tervez\u0151ink v\u00e9gzik a <strong>felel\u0151s m\u0171szaki vezet\u00e9s<\/strong>t (helysz\u00edni fot\u00f3kon \u00e9s az \u00e9p\u00edt\u00e9si napl\u00f3ba dokument\u00e1lva az \u00e9p\u00edtkez\u00e9st) is. Ennek el\u0151nye, hogy a tervez\u00e9s sor\u00e1n leegyeztetett r\u00e9szleteket \u00e9s az enged\u00e9lyez\u00e9si tervben nem szerepl\u0151 szerkezeti kialak\u00edt\u00e1sokat le tudj\u00e1k ellen\u0151rizni az \u00e9p\u00edt\u00e9s sor\u00e1n \u2013 ezzel is k\u00e9pviselve az \u00d6n\u00f6k \u00e9rdekeit. Valamint a haszn\u00e1latbav\u00e9teln\u00e9l otthon\u00e1hoz adjuk az \u00e9p\u00fclet<strong> energetikai tan\u00fas\u00edtv\u00e1ny<\/strong>\u00e1t is.<\/p>\n","protected":false},"excerpt":{"rendered":"<p>Tervez\u0151nk: Zsigri Csilla El\u00e9rhet\u0151s\u00e9gek:+36 20 326-2375 email: csilla.zs@hotmail.com \u201eC\u00e9lunk a tervez\u00e9s sor\u00e1n a leend\u0151 \u00c9p\u00edttet\u0151k ig\u00e9nyeinek felt\u00e1r\u00e1sa \u00e9s teljesk\u00f6r\u0171 kiel\u00e9g\u00edt\u00e9se mellett olyan egyedi \u00e9p\u00fclet tervez\u00e9se, mely a k\u00f6rnyezettel harm\u00f3ni\u00e1t alkot, ig\u00e9nyes \u00e9p\u00edt\u00e9szeti megjelen\u00e9ssel b\u00edr, komoly \u00e9rt\u00e9ket k\u00e9pvisel \u00e9s megfelel a kor m\u0171szaki, eszt\u00e9tikai elv\u00e1r\u00e1sainak.\u201d Ehhez seg\u00edts\u00e9get ny\u00fajt \u00fcgyfeleinknek a szem\u00e9lyes \u2026 <a class=\"continue-reading-link\" href=\"https:\/\/minosegihaz.hu\/?page_id=1001\"> Continue reading <span class=\"meta-nav\">&rarr; <\/span><\/a><\/p>\n","protected":false},"author":1,"featured_media":0,"parent":961,"menu_order":0,"comment_status":"open","ping_status":"open","template":"","meta":[],"yoast_head":"<!-- This site is optimized with the Yoast SEO plugin v15.3 - https:\/\/yoast.com\/wordpress\/plugins\/seo\/ -->\n<title>Tervez\u00e9s -<\/title>\n<meta name=\"description\" content=\"kivitelez\u00e9s, energiahat\u00e9kony, csal\u00e1di h\u00e1z, min\u0151s\u00e9gi, \u00e9p\u00edt\u00e9s, expert\" \/>\n<meta name=\"robots\" content=\"index, follow, max-snippet:-1, max-image-preview:large, max-video-preview:-1\" \/>\n<link rel=\"canonical\" href=\"https:\/\/minosegihaz.hu\/?page_id=1001\" \/>\n<meta property=\"og:locale\" content=\"hu_HU\" \/>\n<meta property=\"og:type\" content=\"article\" \/>\n<meta property=\"og:title\" content=\"Tervez\u00e9s -\" \/>\n<meta property=\"og:description\" content=\"kivitelez\u00e9s, energiahat\u00e9kony, csal\u00e1di h\u00e1z, min\u0151s\u00e9gi, \u00e9p\u00edt\u00e9s, expert\" \/>\n<meta property=\"og:url\" content=\"https:\/\/minosegihaz.hu\/?page_id=1001\" \/>\n<meta property=\"article:modified_time\" content=\"2026-02-06T18:13:46+00:00\" \/>\n<meta name=\"twitter:label1\" content=\"Szerz\u0151:\">\n\t<meta name=\"twitter:data1\" content=\"chriser\">\n\t<meta name=\"twitter:label2\" content=\"Becs\u00fclt olvas\u00e1si id\u0151\">\n\t<meta name=\"twitter:data2\" content=\"2 perc\">\n<script type=\"application\/ld+json\" class=\"yoast-schema-graph\">{\"@context\":\"https:\/\/schema.org\",\"@graph\":[{\"@type\":\"WebSite\",\"@id\":\"https:\/\/minosegihaz.hu\/#website\",\"url\":\"https:\/\/minosegihaz.hu\/\",\"name\":\"\",\"description\":\"Energiahat\\u00e9kony csal\\u00e1di h\\u00e1zak \\u00e9p\\u00edt\\u00e9se, kivitelez\\u00e9se\",\"potentialAction\":[{\"@type\":\"SearchAction\",\"target\":\"https:\/\/minosegihaz.hu\/?s={search_term_string}\",\"query-input\":\"required name=search_term_string\"}],\"inLanguage\":\"hu\"},{\"@type\":\"WebPage\",\"@id\":\"https:\/\/minosegihaz.hu\/?page_id=1001#webpage\",\"url\":\"https:\/\/minosegihaz.hu\/?page_id=1001\",\"name\":\"Tervez\\u00e9s -\",\"isPartOf\":{\"@id\":\"https:\/\/minosegihaz.hu\/#website\"},\"datePublished\":\"2012-01-13T20:03:19+00:00\",\"dateModified\":\"2026-02-06T18:13:46+00:00\",\"description\":\"kivitelez\\u00e9s, energiahat\\u00e9kony, csal\\u00e1di h\\u00e1z, min\\u0151s\\u00e9gi, \\u00e9p\\u00edt\\u00e9s, expert\",\"inLanguage\":\"hu\",\"potentialAction\":[{\"@type\":\"ReadAction\",\"target\":[\"https:\/\/minosegihaz.hu\/?page_id=1001\"]}]}]}<\/script>\n<!-- \/ Yoast SEO plugin. -->","_links":{"self":[{"href":"https:\/\/minosegihaz.hu\/index.php?rest_route=\/wp\/v2\/pages\/1001"}],"collection":[{"href":"https:\/\/minosegihaz.hu\/index.php?rest_route=\/wp\/v2\/pages"}],"about":[{"href":"https:\/\/minosegihaz.hu\/index.php?rest_route=\/wp\/v2\/types\/page"}],"author":[{"embeddable":true,"href":"https:\/\/minosegihaz.hu\/index.php?rest_route=\/wp\/v2\/users\/1"}],"replies":[{"embeddable":true,"href":"https:\/\/minosegihaz.hu\/index.php?rest_route=%2Fwp%2Fv2%2Fcomments&post=1001"}],"version-history":[{"count":12,"href":"https:\/\/minosegihaz.hu\/index.php?rest_route=\/wp\/v2\/pages\/1001\/revisions"}],"predecessor-version":[{"id":13925,"href":"https:\/\/minosegihaz.hu\/index.php?rest_route=\/wp\/v2\/pages\/1001\/revisions\/13925"}],"up":[{"embeddable":true,"href":"https:\/\/minosegihaz.hu\/index.php?rest_route=\/wp\/v2\/pages\/961"}],"wp:attachment":[{"href":"https:\/\/minosegihaz.hu\/index.php?rest_route=%2Fwp%2Fv2%2Fmedia&parent=1001"}],"curies":[{"name":"wp","href":"https:\/\/api.w.org\/{rel}","templated":true}]}}